{"id":1677,"date":"2023-10-31T17:50:39","date_gmt":"2023-10-31T16:50:39","guid":{"rendered":"https:\/\/22q.hubstartidea.es\/?page_id=1677"},"modified":"2023-11-02T12:45:17","modified_gmt":"2023-11-02T11:45:17","slug":"expres-arte","status":"publish","type":"page","link":"https:\/\/22q.hubstartidea.es\/index.php\/expres-arte\/","title":{"rendered":"EXPRES-ARTE"},"content":{"rendered":"<style>\/*! elementor - v3.15.0 - 20-08-2023 *\/\n.elementor-heading-title{padding:0;margin:0;line-height:1}.elementor-widget-heading .elementor-heading-title[class*=elementor-size-]>a{color:inherit;font-size:inherit;line-height:inherit}.elementor-widget-heading .elementor-heading-title.elementor-size-small{font-size:15px}.elementor-widget-heading .elementor-heading-title.elementor-size-medium{font-size:19px}.elementor-widget-heading .elementor-heading-title.elementor-size-large{font-size:29px}.elementor-widget-heading .elementor-heading-title.elementor-size-xl{font-size:39px}.elementor-widget-heading .elementor-heading-title.elementor-size-xxl{font-size:59px}<\/style>\n<h1>expres-arte<\/h1>\n<p data-fontsize=\"16\" data-lineheight=\"24\">Los talleres inclusivos \u201cEXPRES-ARTE\u201d est\u00e1n organizados por la Asociaci\u00f3n S\u00edndrome 22q11.2 Andaluc\u00eda y se realizan todos los viernes en Granada de 19:00 a 20:30 H en el Centro C\u00edvico Beiro.<\/p>\n<p data-fontsize=\"16\" data-lineheight=\"24\">Estos talleres favorecen la expresi\u00f3n y ayudan a conocer la imaginaci\u00f3n y la capacidad creativa de cada ni\u00f1@.<\/p>\n<style>\/*! elementor - v3.15.0 - 20-08-2023 *\/\n.elementor-widget-image{text-align:center}.elementor-widget-image a{display:inline-block}.elementor-widget-image a img[src$=\".svg\"]{width:48px}.elementor-widget-image img{vertical-align:middle;display:inline-block}<\/style>\n<p>\t\t\t\t\t\t\t\t\t\t\t\t<img decoding=\"async\" width=\"1600\" height=\"1200\" src=\"http:\/\/22q.hubstartidea.es\/wp-content\/uploads\/2023\/09\/beiro2.jpg\" alt=\"\" loading=\"lazy\" srcset=\"https:\/\/22q.hubstartidea.es\/wp-content\/uploads\/2023\/09\/beiro2.jpg 1600w, https:\/\/22q.hubstartidea.es\/wp-content\/uploads\/2023\/09\/beiro2-300x225.jpg 300w, https:\/\/22q.hubstartidea.es\/wp-content\/uploads\/2023\/09\/beiro2-1024x768.jpg 1024w, https:\/\/22q.hubstartidea.es\/wp-content\/uploads\/2023\/09\/beiro2-768x576.jpg 768w, https:\/\/22q.hubstartidea.es\/wp-content\/uploads\/2023\/09\/beiro2-1536x1152.jpg 1536w\" sizes=\"auto, (max-width: 1600px) 100vw, 1600px\" \/><br \/>\n\t\t\t\t\t\t\t\t\t\t\t\t\t\t\t<img decoding=\"async\" width=\"960\" height=\"720\" src=\"http:\/\/22q.hubstartidea.es\/wp-content\/uploads\/2023\/09\/beiro7.jpg\" alt=\"\" loading=\"lazy\" srcset=\"https:\/\/22q.hubstartidea.es\/wp-content\/uploads\/2023\/09\/beiro7.jpg 960w, https:\/\/22q.hubstartidea.es\/wp-content\/uploads\/2023\/09\/beiro7-300x225.jpg 300w, https:\/\/22q.hubstartidea.es\/wp-content\/uploads\/2023\/09\/beiro7-768x576.jpg 768w\" sizes=\"auto, (max-width: 960px) 100vw, 960px\" \/>\t\t\t\t\t\t\t\t\t\t\t\t\t\t\t<\/p>\n<p data-fontsize=\"16\" data-lineheight=\"24\">Estamos profundamente agradecidos a nuestros voluntari@s, que de manera altruista dedican su tiempo a ayudar a los dem\u00e1s y sin cuya labor esto no ser\u00eda posible.<\/p>\n<p>\u00a0<br \/>\n\t\t\t\t\t\t\t\t\t\t\t\t\t\t\t<img decoding=\"async\" width=\"960\" height=\"712\" src=\"http:\/\/22q.hubstartidea.es\/wp-content\/uploads\/2023\/09\/beiro4.jpg\" alt=\"\" loading=\"lazy\" srcset=\"https:\/\/22q.hubstartidea.es\/wp-content\/uploads\/2023\/09\/beiro4.jpg 960w, https:\/\/22q.hubstartidea.es\/wp-content\/uploads\/2023\/09\/beiro4-300x223.jpg 300w, https:\/\/22q.hubstartidea.es\/wp-content\/uploads\/2023\/09\/beiro4-768x570.jpg 768w\" sizes=\"auto, (max-width: 960px) 100vw, 960px\" \/><br \/>\n\t\t\t\t\t\t\t\t\t\t\t\t\t\t\t<img decoding=\"async\" width=\"960\" height=\"720\" src=\"http:\/\/22q.hubstartidea.es\/wp-content\/uploads\/2023\/09\/beiro5.jpg\" alt=\"\" loading=\"lazy\" srcset=\"https:\/\/22q.hubstartidea.es\/wp-content\/uploads\/2023\/09\/beiro5.jpg 960w, https:\/\/22q.hubstartidea.es\/wp-content\/uploads\/2023\/09\/beiro5-300x225.jpg 300w, https:\/\/22q.hubstartidea.es\/wp-content\/uploads\/2023\/09\/beiro5-768x576.jpg 768w\" sizes=\"auto, (max-width: 960px) 100vw, 960px\" \/><br \/>\n\t\t\t\t\t\t\t\t\t\t\t\t\t\t\t<img decoding=\"async\" width=\"960\" height=\"720\" src=\"http:\/\/22q.hubstartidea.es\/wp-content\/uploads\/2023\/09\/beiro6.jpg\" alt=\"\" loading=\"lazy\" srcset=\"https:\/\/22q.hubstartidea.es\/wp-content\/uploads\/2023\/09\/beiro6.jpg 960w, https:\/\/22q.hubstartidea.es\/wp-content\/uploads\/2023\/09\/beiro6-300x225.jpg 300w, https:\/\/22q.hubstartidea.es\/wp-content\/uploads\/2023\/09\/beiro6-768x576.jpg 768w\" sizes=\"auto, (max-width: 960px) 100vw, 960px\" \/><br \/>\n\t\t\t\t\t\t\t\t\t\t\t\t\t\t\t<img decoding=\"async\" width=\"960\" height=\"720\" src=\"http:\/\/22q.hubstartidea.es\/wp-content\/uploads\/2023\/09\/beiro8.jpg\" alt=\"\" loading=\"lazy\" srcset=\"https:\/\/22q.hubstartidea.es\/wp-content\/uploads\/2023\/09\/beiro8.jpg 960w, https:\/\/22q.hubstartidea.es\/wp-content\/uploads\/2023\/09\/beiro8-300x225.jpg 300w, https:\/\/22q.hubstartidea.es\/wp-content\/uploads\/2023\/09\/beiro8-768x576.jpg 768w\" sizes=\"auto, (max-width: 960px) 100vw, 960px\" \/><\/p>\n","protected":false},"excerpt":{"rendered":"<p>expres-arte Los talleres inclusivos \u201cEXPRES-ARTE\u201d est\u00e1n organizados por la Asociaci\u00f3n S\u00edndrome 22q11.2 Andaluc\u00eda y se realizan todos los viernes en Granada de 19:00 a 20:30 H en el Centro C\u00edvico Beiro. Estos talleres favorecen la expresi\u00f3n y ayudan a conocer la imaginaci\u00f3n y la capacidad creativa de cada ni\u00f1@. Estamos profundamente agradecidos a nuestros voluntari@s, [&hellip;]<\/p>\n","protected":false},"author":2,"featured_media":0,"parent":0,"menu_order":0,"comment_status":"closed","ping_status":"closed","template":"","meta":{"site-sidebar-layout":"no-sidebar","site-content-layout":"page-builder","ast-site-content-layout":"default","site-content-style":"default","site-sidebar-style":"default","ast-global-header-display":"","ast-banner-title-visibility":"","ast-main-header-display":"","ast-hfb-above-header-display":"","ast-hfb-below-header-display":"","ast-hfb-mobile-header-display":"","site-post-title":"disabled","ast-breadcrumbs-content":"","ast-featured-img":"disabled","footer-sml-layout":"","ast-disable-related-posts":"","theme-transparent-header-meta":"","adv-header-id-meta":"","stick-header-meta":"","header-above-stick-meta":"","header-main-stick-meta":"","header-below-stick-meta":"","astra-migrate-meta-layouts":"default","ast-page-background-enabled":"default","ast-page-background-meta":{"desktop":{"background-color":"var(--ast-global-color-4)","background-image":"","background-repeat":"repeat","background-position":"center center","background-size":"auto","background-attachment":"scroll","background-type":"","background-media":"","overlay-type":"","overlay-color":"","overlay-opacity":"","overlay-gradient":""},"tablet":{"background-color":"","background-image":"","background-repeat":"repeat","background-position":"center center","background-size":"auto","background-attachment":"scroll","background-type":"","background-media":"","overlay-type":"","overlay-color":"","overlay-opacity":"","overlay-gradient":""},"mobile":{"background-color":"","background-image":"","background-repeat":"repeat","background-position":"center center","background-size":"auto","background-attachment":"scroll","background-type":"","background-media":"","overlay-type":"","overlay-color":"","overlay-opacity":"","overlay-gradient":""}},"ast-content-background-meta":{"desktop":{"background-color":"var(--ast-global-color-5)","background-image":"","background-repeat":"repeat","background-position":"center center","background-size":"auto","background-attachment":"scroll","background-type":"","background-media":"","overlay-type":"","overlay-color":"","overlay-opacity":"","overlay-gradient":""},"tablet":{"background-color":"var(--ast-global-color-5)","background-image":"","background-repeat":"repeat","background-position":"center center","background-size":"auto","background-attachment":"scroll","background-type":"","background-media":"","overlay-type":"","overlay-color":"","overlay-opacity":"","overlay-gradient":""},"mobile":{"background-color":"var(--ast-global-color-5)","background-image":"","background-repeat":"repeat","background-position":"center center","background-size":"auto","background-attachment":"scroll","background-type":"","background-media":"","overlay-type":"","overlay-color":"","overlay-opacity":"","overlay-gradient":""}},"footnotes":""},"class_list":["post-1677","page","type-page","status-publish","hentry"],"yoast_head":"<!-- This site is optimized with the Yoast SEO plugin v25.7 - https:\/\/yoast.com\/wordpress\/plugins\/seo\/ -->\n<title>EXPRES-ARTE - Asociaci\u00f3n S\u00edndrome 22q11.2 Andaluc\u00eda<\/title>\n<meta name=\"robots\" content=\"index, follow, max-snippet:-1, max-image-preview:large, max-video-preview:-1\" \/>\n<link rel=\"canonical\" href=\"https:\/\/22q.hubstartidea.es\/index.php\/expres-arte\/\" \/>\n<meta property=\"og:locale\" content=\"es_ES\" \/>\n<meta property=\"og:type\" content=\"article\" \/>\n<meta property=\"og:title\" content=\"EXPRES-ARTE - Asociaci\u00f3n S\u00edndrome 22q11.2 Andaluc\u00eda\" \/>\n<meta property=\"og:description\" content=\"expres-arte Los talleres inclusivos \u201cEXPRES-ARTE\u201d est\u00e1n organizados por la Asociaci\u00f3n S\u00edndrome 22q11.2 Andaluc\u00eda y se realizan todos los viernes en Granada de 19:00 a 20:30 H en el Centro C\u00edvico Beiro. Estos talleres favorecen la expresi\u00f3n y ayudan a conocer la imaginaci\u00f3n y la capacidad creativa de cada ni\u00f1@. Estamos profundamente agradecidos a nuestros voluntari@s, [&hellip;]\" \/>\n<meta property=\"og:url\" content=\"https:\/\/22q.hubstartidea.es\/index.php\/expres-arte\/\" \/>\n<meta property=\"og:site_name\" content=\"Asociaci\u00f3n S\u00edndrome 22q11.2 Andaluc\u00eda\" \/>\n<meta property=\"article:modified_time\" content=\"2023-11-02T11:45:17+00:00\" \/>\n<meta property=\"og:image\" content=\"http:\/\/22q.hubstartidea.es\/wp-content\/uploads\/2023\/09\/beiro2.jpg\" \/>\n<meta name=\"twitter:card\" content=\"summary_large_image\" \/>\n<script type=\"application\/ld+json\" class=\"yoast-schema-graph\">{\"@context\":\"https:\/\/schema.org\",\"@graph\":[{\"@type\":\"WebPage\",\"@id\":\"https:\/\/22q.hubstartidea.es\/index.php\/expres-arte\/\",\"url\":\"https:\/\/22q.hubstartidea.es\/index.php\/expres-arte\/\",\"name\":\"EXPRES-ARTE - Asociaci\u00f3n S\u00edndrome 22q11.2 Andaluc\u00eda\",\"isPartOf\":{\"@id\":\"https:\/\/22q.hubstartidea.es\/#website\"},\"primaryImageOfPage\":{\"@id\":\"https:\/\/22q.hubstartidea.es\/index.php\/expres-arte\/#primaryimage\"},\"image\":{\"@id\":\"https:\/\/22q.hubstartidea.es\/index.php\/expres-arte\/#primaryimage\"},\"thumbnailUrl\":\"http:\/\/22q.hubstartidea.es\/wp-content\/uploads\/2023\/09\/beiro2.jpg\",\"datePublished\":\"2023-10-31T16:50:39+00:00\",\"dateModified\":\"2023-11-02T11:45:17+00:00\",\"breadcrumb\":{\"@id\":\"https:\/\/22q.hubstartidea.es\/index.php\/expres-arte\/#breadcrumb\"},\"inLanguage\":\"es\",\"potentialAction\":[{\"@type\":\"ReadAction\",\"target\":[\"https:\/\/22q.hubstartidea.es\/index.php\/expres-arte\/\"]}]},{\"@type\":\"ImageObject\",\"inLanguage\":\"es\",\"@id\":\"https:\/\/22q.hubstartidea.es\/index.php\/expres-arte\/#primaryimage\",\"url\":\"https:\/\/22q.hubstartidea.es\/wp-content\/uploads\/2023\/09\/beiro2.jpg\",\"contentUrl\":\"https:\/\/22q.hubstartidea.es\/wp-content\/uploads\/2023\/09\/beiro2.jpg\",\"width\":1600,\"height\":1200},{\"@type\":\"BreadcrumbList\",\"@id\":\"https:\/\/22q.hubstartidea.es\/index.php\/expres-arte\/#breadcrumb\",\"itemListElement\":[{\"@type\":\"ListItem\",\"position\":1,\"name\":\"Home\",\"item\":\"https:\/\/22q.hubstartidea.es\/\"},{\"@type\":\"ListItem\",\"position\":2,\"name\":\"EXPRES-ARTE\"}]},{\"@type\":\"WebSite\",\"@id\":\"https:\/\/22q.hubstartidea.es\/#website\",\"url\":\"https:\/\/22q.hubstartidea.es\/\",\"name\":\"Asociaci\u00f3n S\u00edndrome 22q11.2 Andaluc\u00eda\",\"description\":\"\",\"publisher\":{\"@id\":\"https:\/\/22q.hubstartidea.es\/#organization\"},\"potentialAction\":[{\"@type\":\"SearchAction\",\"target\":{\"@type\":\"EntryPoint\",\"urlTemplate\":\"https:\/\/22q.hubstartidea.es\/?s={search_term_string}\"},\"query-input\":{\"@type\":\"PropertyValueSpecification\",\"valueRequired\":true,\"valueName\":\"search_term_string\"}}],\"inLanguage\":\"es\"},{\"@type\":\"Organization\",\"@id\":\"https:\/\/22q.hubstartidea.es\/#organization\",\"name\":\"Asociaci\u00f3n S\u00edndrome 22q11.2 Andaluc\u00eda\",\"url\":\"https:\/\/22q.hubstartidea.es\/\",\"logo\":{\"@type\":\"ImageObject\",\"inLanguage\":\"es\",\"@id\":\"https:\/\/22q.hubstartidea.es\/#\/schema\/logo\/image\/\",\"url\":\"https:\/\/22q.hubstartidea.es\/wp-content\/uploads\/2023\/09\/cropped-cropped-unnamed-1-1.jpg\",\"contentUrl\":\"https:\/\/22q.hubstartidea.es\/wp-content\/uploads\/2023\/09\/cropped-cropped-unnamed-1-1.jpg\",\"width\":512,\"height\":171,\"caption\":\"Asociaci\u00f3n S\u00edndrome 22q11.2 Andaluc\u00eda\"},\"image\":{\"@id\":\"https:\/\/22q.hubstartidea.es\/#\/schema\/logo\/image\/\"}}]}<\/script>\n<!-- \/ Yoast SEO plugin. -->","yoast_head_json":{"title":"EXPRES-ARTE - Asociaci\u00f3n S\u00edndrome 22q11.2 Andaluc\u00eda","robots":{"index":"index","follow":"follow","max-snippet":"max-snippet:-1","max-image-preview":"max-image-preview:large","max-video-preview":"max-video-preview:-1"},"canonical":"https:\/\/22q.hubstartidea.es\/index.php\/expres-arte\/","og_locale":"es_ES","og_type":"article","og_title":"EXPRES-ARTE - Asociaci\u00f3n S\u00edndrome 22q11.2 Andaluc\u00eda","og_description":"expres-arte Los talleres inclusivos \u201cEXPRES-ARTE\u201d est\u00e1n organizados por la Asociaci\u00f3n S\u00edndrome 22q11.2 Andaluc\u00eda y se realizan todos los viernes en Granada de 19:00 a 20:30 H en el Centro C\u00edvico Beiro. Estos talleres favorecen la expresi\u00f3n y ayudan a conocer la imaginaci\u00f3n y la capacidad creativa de cada ni\u00f1@. Estamos profundamente agradecidos a nuestros voluntari@s, [&hellip;]","og_url":"https:\/\/22q.hubstartidea.es\/index.php\/expres-arte\/","og_site_name":"Asociaci\u00f3n S\u00edndrome 22q11.2 Andaluc\u00eda","article_modified_time":"2023-11-02T11:45:17+00:00","og_image":[{"url":"http:\/\/22q.hubstartidea.es\/wp-content\/uploads\/2023\/09\/beiro2.jpg","type":"","width":"","height":""}],"twitter_card":"summary_large_image","schema":{"@context":"https:\/\/schema.org","@graph":[{"@type":"WebPage","@id":"https:\/\/22q.hubstartidea.es\/index.php\/expres-arte\/","url":"https:\/\/22q.hubstartidea.es\/index.php\/expres-arte\/","name":"EXPRES-ARTE - Asociaci\u00f3n S\u00edndrome 22q11.2 Andaluc\u00eda","isPartOf":{"@id":"https:\/\/22q.hubstartidea.es\/#website"},"primaryImageOfPage":{"@id":"https:\/\/22q.hubstartidea.es\/index.php\/expres-arte\/#primaryimage"},"image":{"@id":"https:\/\/22q.hubstartidea.es\/index.php\/expres-arte\/#primaryimage"},"thumbnailUrl":"http:\/\/22q.hubstartidea.es\/wp-content\/uploads\/2023\/09\/beiro2.jpg","datePublished":"2023-10-31T16:50:39+00:00","dateModified":"2023-11-02T11:45:17+00:00","breadcrumb":{"@id":"https:\/\/22q.hubstartidea.es\/index.php\/expres-arte\/#breadcrumb"},"inLanguage":"es","potentialAction":[{"@type":"ReadAction","target":["https:\/\/22q.hubstartidea.es\/index.php\/expres-arte\/"]}]},{"@type":"ImageObject","inLanguage":"es","@id":"https:\/\/22q.hubstartidea.es\/index.php\/expres-arte\/#primaryimage","url":"https:\/\/22q.hubstartidea.es\/wp-content\/uploads\/2023\/09\/beiro2.jpg","contentUrl":"https:\/\/22q.hubstartidea.es\/wp-content\/uploads\/2023\/09\/beiro2.jpg","width":1600,"height":1200},{"@type":"BreadcrumbList","@id":"https:\/\/22q.hubstartidea.es\/index.php\/expres-arte\/#breadcrumb","itemListElement":[{"@type":"ListItem","position":1,"name":"Home","item":"https:\/\/22q.hubstartidea.es\/"},{"@type":"ListItem","position":2,"name":"EXPRES-ARTE"}]},{"@type":"WebSite","@id":"https:\/\/22q.hubstartidea.es\/#website","url":"https:\/\/22q.hubstartidea.es\/","name":"Asociaci\u00f3n S\u00edndrome 22q11.2 Andaluc\u00eda","description":"","publisher":{"@id":"https:\/\/22q.hubstartidea.es\/#organization"},"potentialAction":[{"@type":"SearchAction","target":{"@type":"EntryPoint","urlTemplate":"https:\/\/22q.hubstartidea.es\/?s={search_term_string}"},"query-input":{"@type":"PropertyValueSpecification","valueRequired":true,"valueName":"search_term_string"}}],"inLanguage":"es"},{"@type":"Organization","@id":"https:\/\/22q.hubstartidea.es\/#organization","name":"Asociaci\u00f3n S\u00edndrome 22q11.2 Andaluc\u00eda","url":"https:\/\/22q.hubstartidea.es\/","logo":{"@type":"ImageObject","inLanguage":"es","@id":"https:\/\/22q.hubstartidea.es\/#\/schema\/logo\/image\/","url":"https:\/\/22q.hubstartidea.es\/wp-content\/uploads\/2023\/09\/cropped-cropped-unnamed-1-1.jpg","contentUrl":"https:\/\/22q.hubstartidea.es\/wp-content\/uploads\/2023\/09\/cropped-cropped-unnamed-1-1.jpg","width":512,"height":171,"caption":"Asociaci\u00f3n S\u00edndrome 22q11.2 Andaluc\u00eda"},"image":{"@id":"https:\/\/22q.hubstartidea.es\/#\/schema\/logo\/image\/"}}]}},"_links":{"self":[{"href":"https:\/\/22q.hubstartidea.es\/index.php\/wp-json\/wp\/v2\/pages\/1677","targetHints":{"allow":["GET"]}}],"collection":[{"href":"https:\/\/22q.hubstartidea.es\/index.php\/wp-json\/wp\/v2\/pages"}],"about":[{"href":"https:\/\/22q.hubstartidea.es\/index.php\/wp-json\/wp\/v2\/types\/page"}],"author":[{"embeddable":true,"href":"https:\/\/22q.hubstartidea.es\/index.php\/wp-json\/wp\/v2\/users\/2"}],"replies":[{"embeddable":true,"href":"https:\/\/22q.hubstartidea.es\/index.php\/wp-json\/wp\/v2\/comments?post=1677"}],"version-history":[{"count":0,"href":"https:\/\/22q.hubstartidea.es\/index.php\/wp-json\/wp\/v2\/pages\/1677\/revisions"}],"wp:attachment":[{"href":"https:\/\/22q.hubstartidea.es\/index.php\/wp-json\/wp\/v2\/media?parent=1677"}],"curies":[{"name":"wp","href":"https:\/\/api.w.org\/{rel}","templated":true}]}}