{"id":1692,"date":"2023-10-31T17:57:43","date_gmt":"2023-10-31T16:57:43","guid":{"rendered":"https:\/\/22q.hubstartidea.es\/?page_id=1692"},"modified":"2023-11-09T14:27:18","modified_gmt":"2023-11-09T13:27:18","slug":"colabora","status":"publish","type":"page","link":"https:\/\/22q.hubstartidea.es\/index.php\/colabora\/","title":{"rendered":"COLABORA"},"content":{"rendered":"<style>\/*! elementor - v3.15.0 - 20-08-2023 *\/\n.elementor-heading-title{padding:0;margin:0;line-height:1}.elementor-widget-heading .elementor-heading-title[class*=elementor-size-]>a{color:inherit;font-size:inherit;line-height:inherit}.elementor-widget-heading .elementor-heading-title.elementor-size-small{font-size:15px}.elementor-widget-heading .elementor-heading-title.elementor-size-medium{font-size:19px}.elementor-widget-heading .elementor-heading-title.elementor-size-large{font-size:29px}.elementor-widget-heading .elementor-heading-title.elementor-size-xl{font-size:39px}.elementor-widget-heading .elementor-heading-title.elementor-size-xxl{font-size:59px}<\/style>\n<h1>COLABORA<\/h1>\n<style>\/*! elementor - v3.15.0 - 20-08-2023 *\/\n.elementor-widget-image{text-align:center}.elementor-widget-image a{display:inline-block}.elementor-widget-image a img[src$=\".svg\"]{width:48px}.elementor-widget-image img{vertical-align:middle;display:inline-block}<\/style>\n<p>\t\t\t\t\t\t\t\t\t\t\t\t<img decoding=\"async\" src=\"http:\/\/22q.hubstartidea.es\/wp-content\/uploads\/elementor\/thumbs\/Redfgcurso-8-qetbm6kuytln8xdgefblutejrapxd7us8nh1dccnk0.png\" title=\"Redfgcurso 8\" alt=\"Redfgcurso 8\" loading=\"lazy\" \/>\t\t\t\t\t\t\t\t\t\t\t\t\t\t\t<\/p>\n<h2>HAZTE SOCIO<\/h2>\n<style>\/*! elementor - v3.15.0 - 20-08-2023 *\/\n.elementor-widget-divider{--divider-border-style:none;--divider-border-width:1px;--divider-color:#0c0d0e;--divider-icon-size:20px;--divider-element-spacing:10px;--divider-pattern-height:24px;--divider-pattern-size:20px;--divider-pattern-url:none;--divider-pattern-repeat:repeat-x}.elementor-widget-divider .elementor-divider{display:flex}.elementor-widget-divider .elementor-divider__text{font-size:15px;line-height:1;max-width:95%}.elementor-widget-divider .elementor-divider__element{margin:0 var(--divider-element-spacing);flex-shrink:0}.elementor-widget-divider .elementor-icon{font-size:var(--divider-icon-size)}.elementor-widget-divider .elementor-divider-separator{display:flex;margin:0;direction:ltr}.elementor-widget-divider--view-line_icon .elementor-divider-separator,.elementor-widget-divider--view-line_text .elementor-divider-separator{align-items:center}.elementor-widget-divider--view-line_icon .elementor-divider-separator:after,.elementor-widget-divider--view-line_icon .elementor-divider-separator:before,.elementor-widget-divider--view-line_text .elementor-divider-separator:after,.elementor-widget-divider--view-line_text .elementor-divider-separator:before{display:block;content:\"\";border-bottom:0;flex-grow:1;border-top:var(--divider-border-width) var(--divider-border-style) var(--divider-color)}.elementor-widget-divider--element-align-left .elementor-divider .elementor-divider-separator>.elementor-divider__svg:first-of-type{flex-grow:0;flex-shrink:100}.elementor-widget-divider--element-align-left .elementor-divider-separator:before{content:none}.elementor-widget-divider--element-align-left .elementor-divider__element{margin-left:0}.elementor-widget-divider--element-align-right .elementor-divider .elementor-divider-separator>.elementor-divider__svg:last-of-type{flex-grow:0;flex-shrink:100}.elementor-widget-divider--element-align-right .elementor-divider-separator:after{content:none}.elementor-widget-divider--element-align-right .elementor-divider__element{margin-right:0}.elementor-widget-divider:not(.elementor-widget-divider--view-line_text):not(.elementor-widget-divider--view-line_icon) .elementor-divider-separator{border-top:var(--divider-border-width) var(--divider-border-style) var(--divider-color)}.elementor-widget-divider--separator-type-pattern{--divider-border-style:none}.elementor-widget-divider--separator-type-pattern.elementor-widget-divider--view-line .elementor-divider-separator,.elementor-widget-divider--separator-type-pattern:not(.elementor-widget-divider--view-line) .elementor-divider-separator:after,.elementor-widget-divider--separator-type-pattern:not(.elementor-widget-divider--view-line) .elementor-divider-separator:before,.elementor-widget-divider--separator-type-pattern:not([class*=elementor-widget-divider--view]) .elementor-divider-separator{width:100%;min-height:var(--divider-pattern-height);-webkit-mask-size:var(--divider-pattern-size) 100%;mask-size:var(--divider-pattern-size) 100%;-webkit-mask-repeat:var(--divider-pattern-repeat);mask-repeat:var(--divider-pattern-repeat);background-color:var(--divider-color);-webkit-mask-image:var(--divider-pattern-url);mask-image:var(--divider-pattern-url)}.elementor-widget-divider--no-spacing{--divider-pattern-size:auto}.elementor-widget-divider--bg-round{--divider-pattern-repeat:round}.rtl .elementor-widget-divider .elementor-divider__text{direction:rtl}.e-con-inner>.elementor-widget-divider,.e-con>.elementor-widget-divider{width:var(--container-widget-width,100%);--flex-grow:var(--container-widget-flex-grow)}<\/style>\n<p data-fontsize=\"18\" data-lineheight=\"27\">Si quieres colaborar con la Asociaci\u00f3n S\u00edndrome 22q Andaluc\u00eda mediante el pago de una\u00a0<strong>cuota ANUAL de 30 euros<\/strong>, puedes imprimir, rellenar y enviarnos el bolet\u00edn de inscripci\u00f3n.<\/p>\n<p data-fontsize=\"18\" data-lineheight=\"27\">\u00a0<\/p>\n<p data-fontsize=\"18\" data-lineheight=\"27\"><strong><a href=\"https:\/\/www.22qandalucia.es\/wp-content\/uploads\/2020\/04\/socios.pdf.pdf\">DESCARGAR BOLET\u00cdN DE INSCRIPCI\u00d3N<\/a><\/strong><\/p>\n<h2>DONA<\/h2>\n<p data-fontsize=\"18\" data-lineheight=\"27\">Tu aportaci\u00f3n ayuda a dar a conocer uno de los s\u00edndromes m\u00e1s comunes a la vez que menos conocidos, y a que cada vez las familias tengan un diagn\u00f3stico m\u00e1s temprano.<\/p>\n<p data-fontsize=\"18\" data-lineheight=\"27\">Ay\u00fadanos\u00a0para que ENTRE TODOS podamos\u00a0seguir defendiendo tus intereses y podamos coordinar el apoyo a otras familias e instituciones a trav\u00e9s de la divulgaci\u00f3n y sensibilizaci\u00f3n.<\/p>\n<p data-fontsize=\"18\" data-lineheight=\"27\">Tu aportaci\u00f3n, por muy peque\u00f1a que sea, se convierte en un peque\u00f1o grano de arena. \u00a1Nos hace seguir avanzando!<\/p>\n<p data-fontsize=\"18\" data-lineheight=\"27\"><img loading=\"lazy\" decoding=\"async\" src=\"https:\/\/www.22qandalucia.es\/wp-content\/uploads\/2017\/02\/Logo-Caixa1-300x86.png\" sizes=\"auto, (max-width: 192px) 100vw, 192px\" srcset=\"https:\/\/www.22qandalucia.es\/wp-content\/uploads\/2017\/02\/Logo-Caixa1-200x58.png 200w, https:\/\/www.22qandalucia.es\/wp-content\/uploads\/2017\/02\/Logo-Caixa1-300x86.png 300w, https:\/\/www.22qandalucia.es\/wp-content\/uploads\/2017\/02\/Logo-Caixa1-400x115.png 400w, https:\/\/www.22qandalucia.es\/wp-content\/uploads\/2017\/02\/Logo-Caixa1-500x144.png 500w, https:\/\/www.22qandalucia.es\/wp-content\/uploads\/2017\/02\/Logo-Caixa1-600x173.png 600w, https:\/\/www.22qandalucia.es\/wp-content\/uploads\/2017\/02\/Logo-Caixa1-768x221.png 768w, https:\/\/www.22qandalucia.es\/wp-content\/uploads\/2017\/02\/Logo-Caixa1-800x230.png 800w, https:\/\/www.22qandalucia.es\/wp-content\/uploads\/2017\/02\/Logo-Caixa1-1024x295.png 1024w, https:\/\/www.22qandalucia.es\/wp-content\/uploads\/2017\/02\/Logo-Caixa1-1200x346.png 1200w, https:\/\/www.22qandalucia.es\/wp-content\/uploads\/2017\/02\/Logo-Caixa1.png 2000w\" alt=\"Logo-Caixa1\" width=\"192\" height=\"55\" \/><strong>ES75 2100 7079 0613 0010 1964<\/strong><\/p>\n<p><strong><em><u>\u00a0<\/u><\/em><\/strong><\/p>\n<p>\u00a0<\/p>\n<p data-fontsize=\"18\" data-lineheight=\"27\"><img loading=\"lazy\" decoding=\"async\" src=\"https:\/\/www.22qandalucia.es\/wp-content\/uploads\/2016\/05\/paypal-logo-300x97.png\" sizes=\"auto, (max-width: 232px) 100vw, 232px\" srcset=\"https:\/\/www.22qandalucia.es\/wp-content\/uploads\/2016\/05\/paypal-logo-200x65.png 200w, https:\/\/www.22qandalucia.es\/wp-content\/uploads\/2016\/05\/paypal-logo-300x97.png 300w, https:\/\/www.22qandalucia.es\/wp-content\/uploads\/2016\/05\/paypal-logo-400x130.png 400w, https:\/\/www.22qandalucia.es\/wp-content\/uploads\/2016\/05\/paypal-logo-500x162.png 500w, https:\/\/www.22qandalucia.es\/wp-content\/uploads\/2016\/05\/paypal-logo-600x195.png 600w, https:\/\/www.22qandalucia.es\/wp-content\/uploads\/2016\/05\/paypal-logo-768x249.png 768w, https:\/\/www.22qandalucia.es\/wp-content\/uploads\/2016\/05\/paypal-logo-800x260.png 800w, https:\/\/www.22qandalucia.es\/wp-content\/uploads\/2016\/05\/paypal-logo-1024x333.png 1024w, https:\/\/www.22qandalucia.es\/wp-content\/uploads\/2016\/05\/paypal-logo-1200x390.png 1200w, https:\/\/www.22qandalucia.es\/wp-content\/uploads\/2016\/05\/paypal-logo.png 1256w\" alt=\"paypal-logo\" width=\"232\" height=\"75\" \/><\/p>\n<p data-fontsize=\"18\" data-lineheight=\"27\">Tambi\u00e9n puedes donar a trav\u00e9s de Paypal (no es necesario tener cuenta de Paypal)<\/p>\n<p data-fontsize=\"18\" data-lineheight=\"27\">\u00a0<\/p>\n<p data-fontsize=\"18\" data-lineheight=\"27\">\u00a0<\/p>\n<p>\t\t\t\t\t\t\t\t\t\t\t\t\t\t\t<img decoding=\"async\" src=\"http:\/\/22q.hubstartidea.es\/wp-content\/uploads\/elementor\/thumbs\/IMG_4357-qcarull24y56o5nunyl1sckxmlmuj9ny9yzbote9oo.jpg\" title=\"IMG_4357\" alt=\"IMG_4357\" loading=\"lazy\" \/><br \/>\n\t\t\t\t\t\t\t\t\t\t\t\t\t\t\t<img decoding=\"async\" src=\"http:\/\/22q.hubstartidea.es\/wp-content\/uploads\/elementor\/thumbs\/IMG_20191019_152100-scaled-qcfufbx7jjpdgfu435o74z2g3nkummhr88srvz9bnk.jpg\" title=\"IMG_20191019_152100\" alt=\"IMG_20191019_152100\" loading=\"lazy\" \/>\t\t\t\t\t\t\t\t\t\t\t\t\t\t\t<\/p>\n<h2>HAZTE VOLUNTARIO<\/h2>\n<p>Ser voluntario es dedicar tiempo y esfuerzo de forma altruista para ayudar a otros y contribuir positivamente a la comunidad sin esperar recompensa a cambio.<\/p>\n<p>\u00a0<\/p>\n<p><strong><a href=\"https:\/\/www.22qandalucia.es\/wp-content\/uploads\/2020\/04\/PLAN-DE-VOLUNTARIADO-22q11.2.pdf\">PLAN DE VOLUNTARIADO<\/a><\/strong><\/p>\n<p>\u00a0<\/p>\n<h2>REGALOS SOLIDARIOS<\/h2>\n<p>Descubre regalos con un prop\u00f3sito. Cada compra hace una diferencia real en causas que importan. \u00a1Haz un regalo que impacta positivamente!<\/p>\n<p>\t\t\t\t\t\t\t\t\t\t\t\t\t\t\t<img decoding=\"async\" src=\"http:\/\/22q.hubstartidea.es\/wp-content\/uploads\/elementor\/thumbs\/IMG_4980-qcare3j25njhnv2ckxb61qseo92jj7ozykgoa96i4g.jpg\" title=\"IMG_4980\" alt=\"IMG_4980\" loading=\"lazy\" \/><\/p>\n","protected":false},"excerpt":{"rendered":"<p>COLABORA HAZTE SOCIO Si quieres colaborar con la Asociaci\u00f3n S\u00edndrome 22q Andaluc\u00eda mediante el pago de una\u00a0cuota ANUAL de 30 euros, puedes imprimir, rellenar y enviarnos el bolet\u00edn de inscripci\u00f3n. \u00a0 DESCARGAR BOLET\u00cdN DE INSCRIPCI\u00d3N DONA Tu aportaci\u00f3n ayuda a dar a conocer uno de los s\u00edndromes m\u00e1s comunes a la vez que menos conocidos, [&hellip;]<\/p>\n","protected":false},"author":2,"featured_media":0,"parent":0,"menu_order":0,"comment_status":"closed","ping_status":"closed","template":"","meta":{"site-sidebar-layout":"no-sidebar","site-content-layout":"page-builder","ast-site-content-layout":"default","site-content-style":"default","site-sidebar-style":"default","ast-global-header-display":"","ast-banner-title-visibility":"","ast-main-header-display":"","ast-hfb-above-header-display":"","ast-hfb-below-header-display":"","ast-hfb-mobile-header-display":"","site-post-title":"disabled","ast-breadcrumbs-content":"","ast-featured-img":"disabled","footer-sml-layout":"","ast-disable-related-posts":"","theme-transparent-header-meta":"","adv-header-id-meta":"","stick-header-meta":"","header-above-stick-meta":"","header-main-stick-meta":"","header-below-stick-meta":"","astra-migrate-meta-layouts":"","ast-page-background-enabled":"default","ast-page-background-meta":{"desktop":{"background-color":"var(--ast-global-color-4)","background-image":"","background-repeat":"repeat","background-position":"center center","background-size":"auto","background-attachment":"scroll","background-type":"","background-media":"","overlay-type":"","overlay-color":"","overlay-opacity":"","overlay-gradient":""},"tablet":{"background-color":"","background-image":"","background-repeat":"repeat","background-position":"center center","background-size":"auto","background-attachment":"scroll","background-type":"","background-media":"","overlay-type":"","overlay-color":"","overlay-opacity":"","overlay-gradient":""},"mobile":{"background-color":"","background-image":"","background-repeat":"repeat","background-position":"center center","background-size":"auto","background-attachment":"scroll","background-type":"","background-media":"","overlay-type":"","overlay-color":"","overlay-opacity":"","overlay-gradient":""}},"ast-content-background-meta":{"desktop":{"background-color":"var(--ast-global-color-5)","background-image":"","background-repeat":"repeat","background-position":"center center","background-size":"auto","background-attachment":"scroll","background-type":"","background-media":"","overlay-type":"","overlay-color":"","overlay-opacity":"","overlay-gradient":""},"tablet":{"background-color":"var(--ast-global-color-5)","background-image":"","background-repeat":"repeat","background-position":"center center","background-size":"auto","background-attachment":"scroll","background-type":"","background-media":"","overlay-type":"","overlay-color":"","overlay-opacity":"","overlay-gradient":""},"mobile":{"background-color":"var(--ast-global-color-5)","background-image":"","background-repeat":"repeat","background-position":"center center","background-size":"auto","background-attachment":"scroll","background-type":"","background-media":"","overlay-type":"","overlay-color":"","overlay-opacity":"","overlay-gradient":""}},"footnotes":""},"class_list":["post-1692","page","type-page","status-publish","hentry"],"yoast_head":"<!-- This site is optimized with the Yoast SEO plugin v25.7 - https:\/\/yoast.com\/wordpress\/plugins\/seo\/ -->\n<title>COLABORA - Asociaci\u00f3n S\u00edndrome 22q11.2 Andaluc\u00eda<\/title>\n<meta name=\"robots\" content=\"index, follow, max-snippet:-1, max-image-preview:large, max-video-preview:-1\" \/>\n<link rel=\"canonical\" href=\"https:\/\/22q.hubstartidea.es\/index.php\/colabora\/\" \/>\n<meta property=\"og:locale\" content=\"es_ES\" \/>\n<meta property=\"og:type\" content=\"article\" \/>\n<meta property=\"og:title\" content=\"COLABORA - Asociaci\u00f3n S\u00edndrome 22q11.2 Andaluc\u00eda\" \/>\n<meta property=\"og:description\" content=\"COLABORA HAZTE SOCIO Si quieres colaborar con la Asociaci\u00f3n S\u00edndrome 22q Andaluc\u00eda mediante el pago de una\u00a0cuota ANUAL de 30 euros, puedes imprimir, rellenar y enviarnos el bolet\u00edn de inscripci\u00f3n. \u00a0 DESCARGAR BOLET\u00cdN DE INSCRIPCI\u00d3N DONA Tu aportaci\u00f3n ayuda a dar a conocer uno de los s\u00edndromes m\u00e1s comunes a la vez que menos conocidos, [&hellip;]\" \/>\n<meta property=\"og:url\" content=\"https:\/\/22q.hubstartidea.es\/index.php\/colabora\/\" \/>\n<meta property=\"og:site_name\" content=\"Asociaci\u00f3n S\u00edndrome 22q11.2 Andaluc\u00eda\" \/>\n<meta property=\"article:modified_time\" content=\"2023-11-09T13:27:18+00:00\" \/>\n<meta property=\"og:image\" content=\"http:\/\/22q.hubstartidea.es\/wp-content\/uploads\/elementor\/thumbs\/Redfgcurso-8-qetbm6kuytln8xdgefblutejrapxd7us8nh1dccnk0.png\" \/>\n<meta name=\"twitter:card\" content=\"summary_large_image\" \/>\n<meta name=\"twitter:label1\" content=\"Tiempo de lectura\" \/>\n\t<meta name=\"twitter:data1\" content=\"1 minuto\" \/>\n<script type=\"application\/ld+json\" class=\"yoast-schema-graph\">{\"@context\":\"https:\/\/schema.org\",\"@graph\":[{\"@type\":\"WebPage\",\"@id\":\"https:\/\/22q.hubstartidea.es\/index.php\/colabora\/\",\"url\":\"https:\/\/22q.hubstartidea.es\/index.php\/colabora\/\",\"name\":\"COLABORA - Asociaci\u00f3n S\u00edndrome 22q11.2 Andaluc\u00eda\",\"isPartOf\":{\"@id\":\"https:\/\/22q.hubstartidea.es\/#website\"},\"primaryImageOfPage\":{\"@id\":\"https:\/\/22q.hubstartidea.es\/index.php\/colabora\/#primaryimage\"},\"image\":{\"@id\":\"https:\/\/22q.hubstartidea.es\/index.php\/colabora\/#primaryimage\"},\"thumbnailUrl\":\"http:\/\/22q.hubstartidea.es\/wp-content\/uploads\/elementor\/thumbs\/Redfgcurso-8-qetbm6kuytln8xdgefblutejrapxd7us8nh1dccnk0.png\",\"datePublished\":\"2023-10-31T16:57:43+00:00\",\"dateModified\":\"2023-11-09T13:27:18+00:00\",\"breadcrumb\":{\"@id\":\"https:\/\/22q.hubstartidea.es\/index.php\/colabora\/#breadcrumb\"},\"inLanguage\":\"es\",\"potentialAction\":[{\"@type\":\"ReadAction\",\"target\":[\"https:\/\/22q.hubstartidea.es\/index.php\/colabora\/\"]}]},{\"@type\":\"ImageObject\",\"inLanguage\":\"es\",\"@id\":\"https:\/\/22q.hubstartidea.es\/index.php\/colabora\/#primaryimage\",\"url\":\"http:\/\/22q.hubstartidea.es\/wp-content\/uploads\/elementor\/thumbs\/Redfgcurso-8-qetbm6kuytln8xdgefblutejrapxd7us8nh1dccnk0.png\",\"contentUrl\":\"http:\/\/22q.hubstartidea.es\/wp-content\/uploads\/elementor\/thumbs\/Redfgcurso-8-qetbm6kuytln8xdgefblutejrapxd7us8nh1dccnk0.png\"},{\"@type\":\"BreadcrumbList\",\"@id\":\"https:\/\/22q.hubstartidea.es\/index.php\/colabora\/#breadcrumb\",\"itemListElement\":[{\"@type\":\"ListItem\",\"position\":1,\"name\":\"Home\",\"item\":\"https:\/\/22q.hubstartidea.es\/\"},{\"@type\":\"ListItem\",\"position\":2,\"name\":\"COLABORA\"}]},{\"@type\":\"WebSite\",\"@id\":\"https:\/\/22q.hubstartidea.es\/#website\",\"url\":\"https:\/\/22q.hubstartidea.es\/\",\"name\":\"Asociaci\u00f3n S\u00edndrome 22q11.2 Andaluc\u00eda\",\"description\":\"\",\"publisher\":{\"@id\":\"https:\/\/22q.hubstartidea.es\/#organization\"},\"potentialAction\":[{\"@type\":\"SearchAction\",\"target\":{\"@type\":\"EntryPoint\",\"urlTemplate\":\"https:\/\/22q.hubstartidea.es\/?s={search_term_string}\"},\"query-input\":{\"@type\":\"PropertyValueSpecification\",\"valueRequired\":true,\"valueName\":\"search_term_string\"}}],\"inLanguage\":\"es\"},{\"@type\":\"Organization\",\"@id\":\"https:\/\/22q.hubstartidea.es\/#organization\",\"name\":\"Asociaci\u00f3n S\u00edndrome 22q11.2 Andaluc\u00eda\",\"url\":\"https:\/\/22q.hubstartidea.es\/\",\"logo\":{\"@type\":\"ImageObject\",\"inLanguage\":\"es\",\"@id\":\"https:\/\/22q.hubstartidea.es\/#\/schema\/logo\/image\/\",\"url\":\"https:\/\/22q.hubstartidea.es\/wp-content\/uploads\/2023\/09\/cropped-cropped-unnamed-1-1.jpg\",\"contentUrl\":\"https:\/\/22q.hubstartidea.es\/wp-content\/uploads\/2023\/09\/cropped-cropped-unnamed-1-1.jpg\",\"width\":512,\"height\":171,\"caption\":\"Asociaci\u00f3n S\u00edndrome 22q11.2 Andaluc\u00eda\"},\"image\":{\"@id\":\"https:\/\/22q.hubstartidea.es\/#\/schema\/logo\/image\/\"}}]}<\/script>\n<!-- \/ Yoast SEO plugin. -->","yoast_head_json":{"title":"COLABORA - Asociaci\u00f3n S\u00edndrome 22q11.2 Andaluc\u00eda","robots":{"index":"index","follow":"follow","max-snippet":"max-snippet:-1","max-image-preview":"max-image-preview:large","max-video-preview":"max-video-preview:-1"},"canonical":"https:\/\/22q.hubstartidea.es\/index.php\/colabora\/","og_locale":"es_ES","og_type":"article","og_title":"COLABORA - Asociaci\u00f3n S\u00edndrome 22q11.2 Andaluc\u00eda","og_description":"COLABORA HAZTE SOCIO Si quieres colaborar con la Asociaci\u00f3n S\u00edndrome 22q Andaluc\u00eda mediante el pago de una\u00a0cuota ANUAL de 30 euros, puedes imprimir, rellenar y enviarnos el bolet\u00edn de inscripci\u00f3n. \u00a0 DESCARGAR BOLET\u00cdN DE INSCRIPCI\u00d3N DONA Tu aportaci\u00f3n ayuda a dar a conocer uno de los s\u00edndromes m\u00e1s comunes a la vez que menos conocidos, [&hellip;]","og_url":"https:\/\/22q.hubstartidea.es\/index.php\/colabora\/","og_site_name":"Asociaci\u00f3n S\u00edndrome 22q11.2 Andaluc\u00eda","article_modified_time":"2023-11-09T13:27:18+00:00","og_image":[{"url":"http:\/\/22q.hubstartidea.es\/wp-content\/uploads\/elementor\/thumbs\/Redfgcurso-8-qetbm6kuytln8xdgefblutejrapxd7us8nh1dccnk0.png","type":"","width":"","height":""}],"twitter_card":"summary_large_image","twitter_misc":{"Tiempo de lectura":"1 minuto"},"schema":{"@context":"https:\/\/schema.org","@graph":[{"@type":"WebPage","@id":"https:\/\/22q.hubstartidea.es\/index.php\/colabora\/","url":"https:\/\/22q.hubstartidea.es\/index.php\/colabora\/","name":"COLABORA - Asociaci\u00f3n S\u00edndrome 22q11.2 Andaluc\u00eda","isPartOf":{"@id":"https:\/\/22q.hubstartidea.es\/#website"},"primaryImageOfPage":{"@id":"https:\/\/22q.hubstartidea.es\/index.php\/colabora\/#primaryimage"},"image":{"@id":"https:\/\/22q.hubstartidea.es\/index.php\/colabora\/#primaryimage"},"thumbnailUrl":"http:\/\/22q.hubstartidea.es\/wp-content\/uploads\/elementor\/thumbs\/Redfgcurso-8-qetbm6kuytln8xdgefblutejrapxd7us8nh1dccnk0.png","datePublished":"2023-10-31T16:57:43+00:00","dateModified":"2023-11-09T13:27:18+00:00","breadcrumb":{"@id":"https:\/\/22q.hubstartidea.es\/index.php\/colabora\/#breadcrumb"},"inLanguage":"es","potentialAction":[{"@type":"ReadAction","target":["https:\/\/22q.hubstartidea.es\/index.php\/colabora\/"]}]},{"@type":"ImageObject","inLanguage":"es","@id":"https:\/\/22q.hubstartidea.es\/index.php\/colabora\/#primaryimage","url":"http:\/\/22q.hubstartidea.es\/wp-content\/uploads\/elementor\/thumbs\/Redfgcurso-8-qetbm6kuytln8xdgefblutejrapxd7us8nh1dccnk0.png","contentUrl":"http:\/\/22q.hubstartidea.es\/wp-content\/uploads\/elementor\/thumbs\/Redfgcurso-8-qetbm6kuytln8xdgefblutejrapxd7us8nh1dccnk0.png"},{"@type":"BreadcrumbList","@id":"https:\/\/22q.hubstartidea.es\/index.php\/colabora\/#breadcrumb","itemListElement":[{"@type":"ListItem","position":1,"name":"Home","item":"https:\/\/22q.hubstartidea.es\/"},{"@type":"ListItem","position":2,"name":"COLABORA"}]},{"@type":"WebSite","@id":"https:\/\/22q.hubstartidea.es\/#website","url":"https:\/\/22q.hubstartidea.es\/","name":"Asociaci\u00f3n S\u00edndrome 22q11.2 Andaluc\u00eda","description":"","publisher":{"@id":"https:\/\/22q.hubstartidea.es\/#organization"},"potentialAction":[{"@type":"SearchAction","target":{"@type":"EntryPoint","urlTemplate":"https:\/\/22q.hubstartidea.es\/?s={search_term_string}"},"query-input":{"@type":"PropertyValueSpecification","valueRequired":true,"valueName":"search_term_string"}}],"inLanguage":"es"},{"@type":"Organization","@id":"https:\/\/22q.hubstartidea.es\/#organization","name":"Asociaci\u00f3n S\u00edndrome 22q11.2 Andaluc\u00eda","url":"https:\/\/22q.hubstartidea.es\/","logo":{"@type":"ImageObject","inLanguage":"es","@id":"https:\/\/22q.hubstartidea.es\/#\/schema\/logo\/image\/","url":"https:\/\/22q.hubstartidea.es\/wp-content\/uploads\/2023\/09\/cropped-cropped-unnamed-1-1.jpg","contentUrl":"https:\/\/22q.hubstartidea.es\/wp-content\/uploads\/2023\/09\/cropped-cropped-unnamed-1-1.jpg","width":512,"height":171,"caption":"Asociaci\u00f3n S\u00edndrome 22q11.2 Andaluc\u00eda"},"image":{"@id":"https:\/\/22q.hubstartidea.es\/#\/schema\/logo\/image\/"}}]}},"_links":{"self":[{"href":"https:\/\/22q.hubstartidea.es\/index.php\/wp-json\/wp\/v2\/pages\/1692","targetHints":{"allow":["GET"]}}],"collection":[{"href":"https:\/\/22q.hubstartidea.es\/index.php\/wp-json\/wp\/v2\/pages"}],"about":[{"href":"https:\/\/22q.hubstartidea.es\/index.php\/wp-json\/wp\/v2\/types\/page"}],"author":[{"embeddable":true,"href":"https:\/\/22q.hubstartidea.es\/index.php\/wp-json\/wp\/v2\/users\/2"}],"replies":[{"embeddable":true,"href":"https:\/\/22q.hubstartidea.es\/index.php\/wp-json\/wp\/v2\/comments?post=1692"}],"version-history":[{"count":0,"href":"https:\/\/22q.hubstartidea.es\/index.php\/wp-json\/wp\/v2\/pages\/1692\/revisions"}],"wp:attachment":[{"href":"https:\/\/22q.hubstartidea.es\/index.php\/wp-json\/wp\/v2\/media?parent=1692"}],"curies":[{"name":"wp","href":"https:\/\/api.w.org\/{rel}","templated":true}]}}