{"id":1740,"date":"2023-11-02T17:41:06","date_gmt":"2023-11-02T16:41:06","guid":{"rendered":"https:\/\/22q.hubstartidea.es\/?page_id=1740"},"modified":"2024-01-31T20:12:33","modified_gmt":"2024-01-31T19:12:33","slug":"fotos","status":"publish","type":"page","link":"https:\/\/22q.hubstartidea.es\/index.php\/fotos\/","title":{"rendered":"FOTOS"},"content":{"rendered":"<style>\/*! elementor - v3.15.0 - 20-08-2023 *\/\n.elementor-widget-divider{--divider-border-style:none;--divider-border-width:1px;--divider-color:#0c0d0e;--divider-icon-size:20px;--divider-element-spacing:10px;--divider-pattern-height:24px;--divider-pattern-size:20px;--divider-pattern-url:none;--divider-pattern-repeat:repeat-x}.elementor-widget-divider .elementor-divider{display:flex}.elementor-widget-divider .elementor-divider__text{font-size:15px;line-height:1;max-width:95%}.elementor-widget-divider .elementor-divider__element{margin:0 var(--divider-element-spacing);flex-shrink:0}.elementor-widget-divider .elementor-icon{font-size:var(--divider-icon-size)}.elementor-widget-divider .elementor-divider-separator{display:flex;margin:0;direction:ltr}.elementor-widget-divider--view-line_icon .elementor-divider-separator,.elementor-widget-divider--view-line_text .elementor-divider-separator{align-items:center}.elementor-widget-divider--view-line_icon .elementor-divider-separator:after,.elementor-widget-divider--view-line_icon .elementor-divider-separator:before,.elementor-widget-divider--view-line_text .elementor-divider-separator:after,.elementor-widget-divider--view-line_text .elementor-divider-separator:before{display:block;content:\"\";border-bottom:0;flex-grow:1;border-top:var(--divider-border-width) var(--divider-border-style) var(--divider-color)}.elementor-widget-divider--element-align-left .elementor-divider .elementor-divider-separator>.elementor-divider__svg:first-of-type{flex-grow:0;flex-shrink:100}.elementor-widget-divider--element-align-left .elementor-divider-separator:before{content:none}.elementor-widget-divider--element-align-left .elementor-divider__element{margin-left:0}.elementor-widget-divider--element-align-right .elementor-divider .elementor-divider-separator>.elementor-divider__svg:last-of-type{flex-grow:0;flex-shrink:100}.elementor-widget-divider--element-align-right .elementor-divider-separator:after{content:none}.elementor-widget-divider--element-align-right .elementor-divider__element{margin-right:0}.elementor-widget-divider:not(.elementor-widget-divider--view-line_text):not(.elementor-widget-divider--view-line_icon) .elementor-divider-separator{border-top:var(--divider-border-width) var(--divider-border-style) var(--divider-color)}.elementor-widget-divider--separator-type-pattern{--divider-border-style:none}.elementor-widget-divider--separator-type-pattern.elementor-widget-divider--view-line .elementor-divider-separator,.elementor-widget-divider--separator-type-pattern:not(.elementor-widget-divider--view-line) .elementor-divider-separator:after,.elementor-widget-divider--separator-type-pattern:not(.elementor-widget-divider--view-line) .elementor-divider-separator:before,.elementor-widget-divider--separator-type-pattern:not([class*=elementor-widget-divider--view]) .elementor-divider-separator{width:100%;min-height:var(--divider-pattern-height);-webkit-mask-size:var(--divider-pattern-size) 100%;mask-size:var(--divider-pattern-size) 100%;-webkit-mask-repeat:var(--divider-pattern-repeat);mask-repeat:var(--divider-pattern-repeat);background-color:var(--divider-color);-webkit-mask-image:var(--divider-pattern-url);mask-image:var(--divider-pattern-url)}.elementor-widget-divider--no-spacing{--divider-pattern-size:auto}.elementor-widget-divider--bg-round{--divider-pattern-repeat:round}.rtl .elementor-widget-divider .elementor-divider__text{direction:rtl}.e-con-inner>.elementor-widget-divider,.e-con>.elementor-widget-divider{width:var(--container-widget-width,100%);--flex-grow:var(--container-widget-flex-grow)}<\/style>\n<style>\/*! elementor - v3.15.0 - 20-08-2023 *\/\n.elementor-heading-title{padding:0;margin:0;line-height:1}.elementor-widget-heading .elementor-heading-title[class*=elementor-size-]>a{color:inherit;font-size:inherit;line-height:inherit}.elementor-widget-heading .elementor-heading-title.elementor-size-small{font-size:15px}.elementor-widget-heading .elementor-heading-title.elementor-size-medium{font-size:19px}.elementor-widget-heading .elementor-heading-title.elementor-size-large{font-size:29px}.elementor-widget-heading .elementor-heading-title.elementor-size-xl{font-size:39px}.elementor-widget-heading .elementor-heading-title.elementor-size-xxl{font-size:59px}<\/style>\n<h1>GALER\u00cdA DE FOTOS<\/h1>\n<p>Descubre nuestra galer\u00eda de fotos y todas las actividades que realizamos en 22q11<\/p>\n<link rel=\"stylesheet\" href=\"https:\/\/22q.hubstartidea.es\/wp-content\/plugins\/elementor-pro\/assets\/css\/widget-flip-box.min.css\">\n<h3>\n\t\t\t\t\t\t\tconcierto ben\u00e9fico en nig\u00fcelas\t\t\t\t\t\t<\/h3>\n<p>\t\t\t\t\t\t\t\t\t\t\t<a><br \/>\n\t\t\t\t\t\t\tver m\u00e1s\t\t\t\t\t\t<\/a><\/p>\n<h3>\n\t\t\t\t\t\t\td\u00eda internacional 22q (2016)\t\t\t\t\t\t<\/h3>\n<p>\t\t\t\t\t\t\t\t\t\t\t<a><br \/>\n\t\t\t\t\t\t\tver m\u00e1s\t\t\t\t\t\t<\/a><\/p>\n<h3>\n\t\t\t\t\t\t\tIII encuentro de la asociaci\u00f3n\t\t\t\t\t\t<\/h3>\n<p>\t\t\t\t\t\t\t\t\t\t\t<a><br \/>\n\t\t\t\t\t\t\tver m\u00e1s\t\t\t\t\t\t<\/a><\/p>\n<h3>\n\t\t\t\t\t\t\td\u00eda internacional 22q (2018)\t\t\t\t\t\t<\/h3>\n<p>\t\t\t\t\t\t\t\t\t\t\t<a><br \/>\n\t\t\t\t\t\t\tver m\u00e1s\t\t\t\t\t\t<\/a><\/p>\n<h3>\n\t\t\t\t\t\t\tIV encuentro de la asociaci\u00f3n\t\t\t\t\t\t<\/h3>\n<p>\t\t\t\t\t\t\t\t\t\t\t<a><br \/>\n\t\t\t\t\t\t\tver m\u00e1s\t\t\t\t\t\t<\/a><\/p>\n<h3>\n\t\t\t\t\t\t\tConcierto Voces por el 22q\t\t\t\t\t\t<\/h3>\n<p>\t\t\t\t\t\t\t\t\t\t\t<a><br \/>\n\t\t\t\t\t\t\tVer m\u00e1s \t\t\t\t\t\t<\/a><\/p>\n<h3>\n\t\t\t\t\t\t\tconcierto de rock para ni\u00f1os en m\u00e1laga\t\t\t\t\t\t<\/h3>\n<p>\t\t\t\t\t\t\t\t\t\t\t<a><br \/>\n\t\t\t\t\t\t\tver m\u00e1s\t\t\t\t\t\t<\/a><\/p>\n<h3>\n\t\t\t\t\t\t\tzumba ben\u00e9fica en Otura, Granada \t\t\t\t\t\t<\/h3>\n<p>\t\t\t\t\t\t\t\t\t\t\t<a><br \/>\n\t\t\t\t\t\t\tVer m\u00e1s\t\t\t\t\t\t<\/a><\/p>\n<h3>\n\t\t\t\t\t\t\tV encuentro de la asociaci\u00f3n\t\t\t\t\t\t<\/h3>\n<p>\t\t\t\t\t\t\t\t\t\t\t<a><br \/>\n\t\t\t\t\t\t\tver m\u00e1s\t\t\t\t\t\t<\/a><\/p>\n<h3>\n\t\t\t\t\t\t\tII Encuentro de socios y familias\t\t\t\t\t\t<\/h3>\n<p>\t\t\t\t\t\t\t\t\t\t\t<a><br \/>\n\t\t\t\t\t\t\tver m\u00e1s\t\t\t\t\t\t<\/a><\/p>\n<h3>\n\t\t\t\t\t\t\tD\u00eda de playa en Nerja \t\t\t\t\t\t<\/h3>\n<p>\t\t\t\t\t\t\t\t\t\t\t<a><br \/>\n\t\t\t\t\t\t\tver m\u00e1s\t\t\t\t\t\t<\/a><\/p>\n<h3>\n\t\t\t\t\t\t\tcampamento de verano 2017\t\t\t\t\t\t<\/h3>\n<p>\t\t\t\t\t\t\t\t\t\t\t<a><br \/>\n\t\t\t\t\t\t\tver m\u00e1s\t\t\t\t\t\t<\/a><\/p>\n<h3>\n\t\t\t\t\t\t\tII encuentro en la naturaleza\t\t\t\t\t\t<\/h3>\n<p>\t\t\t\t\t\t\t\t\t\t\t<a><br \/>\n\t\t\t\t\t\t\tver m\u00e1s\t\t\t\t\t\t<\/a><\/p>\n<h3>\n\t\t\t\t\t\t\tencuentro en la naturaleza\t\t\t\t\t\t<\/h3>\n<p>\t\t\t\t\t\t\t\t\t\t\t<a><br \/>\n\t\t\t\t\t\t\tVER M\u00c1S\t\t\t\t\t\t<\/a><\/p>\n<h3>\n\t\t\t\t\t\t\tII campamento inclusivo de verano\t\t\t\t\t\t<\/h3>\n<p>\t\t\t\t\t\t\t\t\t\t\t<a><br \/>\n\t\t\t\t\t\t\tver m\u00e1s\t\t\t\t\t\t<\/a><\/p>\n<h3>\n\t\t\t\t\t\t\tvisita parque de las ciencias granada\t\t\t\t\t\t<\/h3>\n<p>\t\t\t\t\t\t\t\t\t\t\t<a><br \/>\n\t\t\t\t\t\t\tver m\u00e1s\t\t\t\t\t\t<\/a><\/p>\n","protected":false},"excerpt":{"rendered":"<p>GALER\u00cdA DE FOTOS Descubre nuestra galer\u00eda de fotos y todas las actividades que realizamos en 22q11 concierto ben\u00e9fico en nig\u00fcelas ver m\u00e1s d\u00eda internacional 22q (2016) ver m\u00e1s III encuentro de la asociaci\u00f3n ver m\u00e1s d\u00eda internacional 22q (2018) ver m\u00e1s IV encuentro de la asociaci\u00f3n ver m\u00e1s Concierto Voces por el 22q Ver m\u00e1s [&hellip;]<\/p>\n","protected":false},"author":2,"featured_media":0,"parent":0,"menu_order":0,"comment_status":"closed","ping_status":"closed","template":"","meta":{"site-sidebar-layout":"no-sidebar","site-content-layout":"page-builder","ast-site-content-layout":"default","site-content-style":"default","site-sidebar-style":"default","ast-global-header-display":"","ast-banner-title-visibility":"","ast-main-header-display":"","ast-hfb-above-header-display":"","ast-hfb-below-header-display":"","ast-hfb-mobile-header-display":"","site-post-title":"disabled","ast-breadcrumbs-content":"","ast-featured-img":"disabled","footer-sml-layout":"","ast-disable-related-posts":"","theme-transparent-header-meta":"","adv-header-id-meta":"","stick-header-meta":"","header-above-stick-meta":"","header-main-stick-meta":"","header-below-stick-meta":"","astra-migrate-meta-layouts":"","ast-page-background-enabled":"default","ast-page-background-meta":{"desktop":{"background-color":"var(--ast-global-color-4)","background-image":"","background-repeat":"repeat","background-position":"center center","background-size":"auto","background-attachment":"scroll","background-type":"","background-media":"","overlay-type":"","overlay-color":"","overlay-opacity":"","overlay-gradient":""},"tablet":{"background-color":"","background-image":"","background-repeat":"repeat","background-position":"center center","background-size":"auto","background-attachment":"scroll","background-type":"","background-media":"","overlay-type":"","overlay-color":"","overlay-opacity":"","overlay-gradient":""},"mobile":{"background-color":"","background-image":"","background-repeat":"repeat","background-position":"center center","background-size":"auto","background-attachment":"scroll","background-type":"","background-media":"","overlay-type":"","overlay-color":"","overlay-opacity":"","overlay-gradient":""}},"ast-content-background-meta":{"desktop":{"background-color":"var(--ast-global-color-5)","background-image":"","background-repeat":"repeat","background-position":"center center","background-size":"auto","background-attachment":"scroll","background-type":"","background-media":"","overlay-type":"","overlay-color":"","overlay-opacity":"","overlay-gradient":""},"tablet":{"background-color":"var(--ast-global-color-5)","background-image":"","background-repeat":"repeat","background-position":"center center","background-size":"auto","background-attachment":"scroll","background-type":"","background-media":"","overlay-type":"","overlay-color":"","overlay-opacity":"","overlay-gradient":""},"mobile":{"background-color":"var(--ast-global-color-5)","background-image":"","background-repeat":"repeat","background-position":"center center","background-size":"auto","background-attachment":"scroll","background-type":"","background-media":"","overlay-type":"","overlay-color":"","overlay-opacity":"","overlay-gradient":""}},"footnotes":""},"class_list":["post-1740","page","type-page","status-publish","hentry"],"yoast_head":"<!-- This site is optimized with the Yoast SEO plugin v25.7 - https:\/\/yoast.com\/wordpress\/plugins\/seo\/ -->\n<title>FOTOS - Asociaci\u00f3n S\u00edndrome 22q11.2 Andaluc\u00eda<\/title>\n<meta name=\"robots\" content=\"index, follow, max-snippet:-1, max-image-preview:large, max-video-preview:-1\" \/>\n<link rel=\"canonical\" href=\"https:\/\/22q.hubstartidea.es\/index.php\/fotos\/\" \/>\n<meta property=\"og:locale\" content=\"es_ES\" \/>\n<meta property=\"og:type\" content=\"article\" \/>\n<meta property=\"og:title\" content=\"FOTOS - Asociaci\u00f3n S\u00edndrome 22q11.2 Andaluc\u00eda\" \/>\n<meta property=\"og:description\" content=\"GALER\u00cdA DE FOTOS Descubre nuestra galer\u00eda de fotos y todas las actividades que realizamos en 22q11 concierto ben\u00e9fico en nig\u00fcelas ver m\u00e1s d\u00eda internacional 22q (2016) ver m\u00e1s III encuentro de la asociaci\u00f3n ver m\u00e1s d\u00eda internacional 22q (2018) ver m\u00e1s IV encuentro de la asociaci\u00f3n ver m\u00e1s Concierto Voces por el 22q Ver m\u00e1s [&hellip;]\" \/>\n<meta property=\"og:url\" content=\"https:\/\/22q.hubstartidea.es\/index.php\/fotos\/\" \/>\n<meta property=\"og:site_name\" content=\"Asociaci\u00f3n S\u00edndrome 22q11.2 Andaluc\u00eda\" \/>\n<meta property=\"article:modified_time\" content=\"2024-01-31T19:12:33+00:00\" \/>\n<meta name=\"twitter:card\" content=\"summary_large_image\" \/>\n<meta name=\"twitter:label1\" content=\"Tiempo de lectura\" \/>\n\t<meta name=\"twitter:data1\" content=\"1 minuto\" \/>\n<script type=\"application\/ld+json\" class=\"yoast-schema-graph\">{\"@context\":\"https:\/\/schema.org\",\"@graph\":[{\"@type\":\"WebPage\",\"@id\":\"https:\/\/22q.hubstartidea.es\/index.php\/fotos\/\",\"url\":\"https:\/\/22q.hubstartidea.es\/index.php\/fotos\/\",\"name\":\"FOTOS - Asociaci\u00f3n S\u00edndrome 22q11.2 Andaluc\u00eda\",\"isPartOf\":{\"@id\":\"https:\/\/22q.hubstartidea.es\/#website\"},\"datePublished\":\"2023-11-02T16:41:06+00:00\",\"dateModified\":\"2024-01-31T19:12:33+00:00\",\"breadcrumb\":{\"@id\":\"https:\/\/22q.hubstartidea.es\/index.php\/fotos\/#breadcrumb\"},\"inLanguage\":\"es\",\"potentialAction\":[{\"@type\":\"ReadAction\",\"target\":[\"https:\/\/22q.hubstartidea.es\/index.php\/fotos\/\"]}]},{\"@type\":\"BreadcrumbList\",\"@id\":\"https:\/\/22q.hubstartidea.es\/index.php\/fotos\/#breadcrumb\",\"itemListElement\":[{\"@type\":\"ListItem\",\"position\":1,\"name\":\"Home\",\"item\":\"https:\/\/22q.hubstartidea.es\/\"},{\"@type\":\"ListItem\",\"position\":2,\"name\":\"FOTOS\"}]},{\"@type\":\"WebSite\",\"@id\":\"https:\/\/22q.hubstartidea.es\/#website\",\"url\":\"https:\/\/22q.hubstartidea.es\/\",\"name\":\"Asociaci\u00f3n S\u00edndrome 22q11.2 Andaluc\u00eda\",\"description\":\"\",\"publisher\":{\"@id\":\"https:\/\/22q.hubstartidea.es\/#organization\"},\"potentialAction\":[{\"@type\":\"SearchAction\",\"target\":{\"@type\":\"EntryPoint\",\"urlTemplate\":\"https:\/\/22q.hubstartidea.es\/?s={search_term_string}\"},\"query-input\":{\"@type\":\"PropertyValueSpecification\",\"valueRequired\":true,\"valueName\":\"search_term_string\"}}],\"inLanguage\":\"es\"},{\"@type\":\"Organization\",\"@id\":\"https:\/\/22q.hubstartidea.es\/#organization\",\"name\":\"Asociaci\u00f3n S\u00edndrome 22q11.2 Andaluc\u00eda\",\"url\":\"https:\/\/22q.hubstartidea.es\/\",\"logo\":{\"@type\":\"ImageObject\",\"inLanguage\":\"es\",\"@id\":\"https:\/\/22q.hubstartidea.es\/#\/schema\/logo\/image\/\",\"url\":\"https:\/\/22q.hubstartidea.es\/wp-content\/uploads\/2023\/09\/cropped-cropped-unnamed-1-1.jpg\",\"contentUrl\":\"https:\/\/22q.hubstartidea.es\/wp-content\/uploads\/2023\/09\/cropped-cropped-unnamed-1-1.jpg\",\"width\":512,\"height\":171,\"caption\":\"Asociaci\u00f3n S\u00edndrome 22q11.2 Andaluc\u00eda\"},\"image\":{\"@id\":\"https:\/\/22q.hubstartidea.es\/#\/schema\/logo\/image\/\"}}]}<\/script>\n<!-- \/ Yoast SEO plugin. -->","yoast_head_json":{"title":"FOTOS - Asociaci\u00f3n S\u00edndrome 22q11.2 Andaluc\u00eda","robots":{"index":"index","follow":"follow","max-snippet":"max-snippet:-1","max-image-preview":"max-image-preview:large","max-video-preview":"max-video-preview:-1"},"canonical":"https:\/\/22q.hubstartidea.es\/index.php\/fotos\/","og_locale":"es_ES","og_type":"article","og_title":"FOTOS - Asociaci\u00f3n S\u00edndrome 22q11.2 Andaluc\u00eda","og_description":"GALER\u00cdA DE FOTOS Descubre nuestra galer\u00eda de fotos y todas las actividades que realizamos en 22q11 concierto ben\u00e9fico en nig\u00fcelas ver m\u00e1s d\u00eda internacional 22q (2016) ver m\u00e1s III encuentro de la asociaci\u00f3n ver m\u00e1s d\u00eda internacional 22q (2018) ver m\u00e1s IV encuentro de la asociaci\u00f3n ver m\u00e1s Concierto Voces por el 22q Ver m\u00e1s [&hellip;]","og_url":"https:\/\/22q.hubstartidea.es\/index.php\/fotos\/","og_site_name":"Asociaci\u00f3n S\u00edndrome 22q11.2 Andaluc\u00eda","article_modified_time":"2024-01-31T19:12:33+00:00","twitter_card":"summary_large_image","twitter_misc":{"Tiempo de lectura":"1 minuto"},"schema":{"@context":"https:\/\/schema.org","@graph":[{"@type":"WebPage","@id":"https:\/\/22q.hubstartidea.es\/index.php\/fotos\/","url":"https:\/\/22q.hubstartidea.es\/index.php\/fotos\/","name":"FOTOS - Asociaci\u00f3n S\u00edndrome 22q11.2 Andaluc\u00eda","isPartOf":{"@id":"https:\/\/22q.hubstartidea.es\/#website"},"datePublished":"2023-11-02T16:41:06+00:00","dateModified":"2024-01-31T19:12:33+00:00","breadcrumb":{"@id":"https:\/\/22q.hubstartidea.es\/index.php\/fotos\/#breadcrumb"},"inLanguage":"es","potentialAction":[{"@type":"ReadAction","target":["https:\/\/22q.hubstartidea.es\/index.php\/fotos\/"]}]},{"@type":"BreadcrumbList","@id":"https:\/\/22q.hubstartidea.es\/index.php\/fotos\/#breadcrumb","itemListElement":[{"@type":"ListItem","position":1,"name":"Home","item":"https:\/\/22q.hubstartidea.es\/"},{"@type":"ListItem","position":2,"name":"FOTOS"}]},{"@type":"WebSite","@id":"https:\/\/22q.hubstartidea.es\/#website","url":"https:\/\/22q.hubstartidea.es\/","name":"Asociaci\u00f3n S\u00edndrome 22q11.2 Andaluc\u00eda","description":"","publisher":{"@id":"https:\/\/22q.hubstartidea.es\/#organization"},"potentialAction":[{"@type":"SearchAction","target":{"@type":"EntryPoint","urlTemplate":"https:\/\/22q.hubstartidea.es\/?s={search_term_string}"},"query-input":{"@type":"PropertyValueSpecification","valueRequired":true,"valueName":"search_term_string"}}],"inLanguage":"es"},{"@type":"Organization","@id":"https:\/\/22q.hubstartidea.es\/#organization","name":"Asociaci\u00f3n S\u00edndrome 22q11.2 Andaluc\u00eda","url":"https:\/\/22q.hubstartidea.es\/","logo":{"@type":"ImageObject","inLanguage":"es","@id":"https:\/\/22q.hubstartidea.es\/#\/schema\/logo\/image\/","url":"https:\/\/22q.hubstartidea.es\/wp-content\/uploads\/2023\/09\/cropped-cropped-unnamed-1-1.jpg","contentUrl":"https:\/\/22q.hubstartidea.es\/wp-content\/uploads\/2023\/09\/cropped-cropped-unnamed-1-1.jpg","width":512,"height":171,"caption":"Asociaci\u00f3n S\u00edndrome 22q11.2 Andaluc\u00eda"},"image":{"@id":"https:\/\/22q.hubstartidea.es\/#\/schema\/logo\/image\/"}}]}},"_links":{"self":[{"href":"https:\/\/22q.hubstartidea.es\/index.php\/wp-json\/wp\/v2\/pages\/1740","targetHints":{"allow":["GET"]}}],"collection":[{"href":"https:\/\/22q.hubstartidea.es\/index.php\/wp-json\/wp\/v2\/pages"}],"about":[{"href":"https:\/\/22q.hubstartidea.es\/index.php\/wp-json\/wp\/v2\/types\/page"}],"author":[{"embeddable":true,"href":"https:\/\/22q.hubstartidea.es\/index.php\/wp-json\/wp\/v2\/users\/2"}],"replies":[{"embeddable":true,"href":"https:\/\/22q.hubstartidea.es\/index.php\/wp-json\/wp\/v2\/comments?post=1740"}],"version-history":[{"count":0,"href":"https:\/\/22q.hubstartidea.es\/index.php\/wp-json\/wp\/v2\/pages\/1740\/revisions"}],"wp:attachment":[{"href":"https:\/\/22q.hubstartidea.es\/index.php\/wp-json\/wp\/v2\/media?parent=1740"}],"curies":[{"name":"wp","href":"https:\/\/api.w.org\/{rel}","templated":true}]}}